sands digit of 1037197?
0
What is the units digit of 123994?
4
What is the hundred thousands digit of 6343159?
3
What is the tens digit of 111766?
6
What is the hundred thousands digit of 189904?
1
What is the ten thousands digit of 92745?
9
What is the thousands digit of 1319717?
9
What is the hundred thousands digit of 2012912?
0
What is the thousands digit of 22386671?
6
What is the tens digit of 2995755?
5
What is the ten thousands digit of 9133472?
3
What is the units digit of 1448901?
1
What is the hundreds digit of 1770501?
5
What is the millions digit of 1196025?
1
What is the ten thousands digit of 695557?
9
What is the hundreds digit of 1460160?
1
What is the units digit of 1219774?
4
What is the thousands digit of 46960?
6
What is the millions digit of 5509317?
5
What is the hundreds digit of 222751?
7
What is the hundred thousands digit of 4313406?
3
What is the millions digit of 2558501?
2
What is the ten thousands digit of 206665?
0
What is the hundreds digit of 1058378?
3
What is the tens digit of 136357?
5
What is the units digit of 2302326?
6
What is the tens digit of 59823?
2
What is the hundreds digit of 487792?
7
What is the hundred thousands digit of 150825?
1
What is the hundreds digit of 6232088?
0
What is the hundreds digit of 5023369?
3
What is the units digit of 251977?
7
What is the hundred thousands digit of 481342?
4
What is the hundreds digit of 5719026?
0
What is the thousands digit of 115486?
5
What is the hundred thousands digit of 11592749?
5
What is the ten thousands digit of 86745?
8
What is the millions digit of 6150558?
6
What is the thousands digit of 99596?
9
What is the hundred thousands digit of 13038416?
0
What is the hundreds digit of 15721287?
2
What is the hundred thousands digit of 2560340?
5
What is the hundreds digit of 12555560?
5
What is the units digit of 8640487?
7
What is the millions digit of 3766821?
3
What is the thousands digit of 2990849?
0
What is the tens digit of 250687?
8
What is the ten thousands digit of 1226510?
2
What is the units digit of 1437940?
0
What is the ten thousands digit of 10676048?
7
What is the units digit of 3924366?
6
What is the ten thousands digit of 9496370?
9
What is the units digit of 1337251?
1
What is the hundred thousands digit of 1320415?
3
What is the tens digit of 1242363?
6
What is the tens digit of 10111636?
3
What is the hundred thousands digit of 11017535?
0
What is the hundreds digit of 1084846?
8
What is the hundreds digit of 406792?
7
What is the thousands digit of 686501?
6
What is the hundred thousands digit of 9148396?
1
What is the ten thousands digit of 88520?
8
What is the hundreds digit of 67382?
3
What is the thousands digit of 369140?
9
What is the ten thousands digit of 21931435?
3
What is the hundreds digit of 4076389?
3
What is the tens digit of 10219991?
9
What is the hundred thousands digit of 36395298?
3
What is the hundred thousands digit of 2132118?
1
What is the hundreds digit of 1045934?
9
What is the tens digit of 283761?
6
What is the thousands digit of 52092?
2
What is the thousands digit of 694812?
4
What is the hundreds digit of 38636345?
3
What is the ten thousands digit of 285117?
8
What is the thousands digit of 9546?
9
What is the thousands digit of 1270617?
0
What is the tens digit of 1304872?
7
What is the thousands digit of 12103149?
3
What is the thousands digit of 1027897?
7
What is the units digit of 1575885?
5
What is the hundred thousands digit of 345232?
3
What is the tens digit of 2836364?
6
What is the tens digit of 1506715?
1
What is the ten thousands digit of 2549258?
4
What is the tens digit of 696718?
1
What is the hundreds digit of 726979?
9
What is the thousands digit of 1477351?
7
What is the tens digit of 8756912?
1
What is the tens digit of 2571717?
1
What is the tens digit of 32840?
4
What is the hundred thousands digit of 128336?
1
What is the hundreds digit of 1189286?
2
What is the ten thousands digit of 191755?
9
What is the millions digit of 3595962?
3
What is the millions digit of 32347052?
2
What is the ten thousands digit of 1563624?
6
What is the ten thousands digit of 147196?
4
What is the units digit of 1190301?
1
What is the thousands digit of 28138905?
8
What is the hundreds digit of 772261?
2
What is the thousands digit of 2288514?
8
What is the tens digit of 3681297?
9
What is the units digit of 8318323?
3
What is the hundred thousands digit of 982399?
9
What is the hundred thousands digit of 339853?
3
What is the thousands digit of 177587?
7
What is the tens digit of 1590771?
7
What is the millions digit of 31536783?
1
What is the millions digit of 4327386?
4
What is the thousands digit of 183113?
3
What is the ten thousands digit of 901818?
0
What is the millions digit of 3749013?
3
What is the hundreds digit of 490085?
0
What is the ten thousands digit of 5912346?
1
What is the thousands digit of 558353?
8
What is the hundreds digit of 1254313?
3
What is the millions digit of 5777469?
5
What is the hundreds digit of 45701?
7
What is the units digit of 1696936?
6
What is the thousands digit of 376795?
6
What is the hundreds digit of 308832?
8
What is the tens digit of 8994615?
1
What is the thousands digit of 5044620?
4
What is the units digit of 26009310?
0
What is the tens digit of 2320675?
7
What is the ten thousands digit of 27018122?
1
What is the hundred thousands digit of 880312?
8
What is the millions digit of 5239859?
5
What is the hundred thousands digit of 198182?
1
What is the units digit of 961124?
4
What is the thousands digit of 839489?
9
What is the ten thousands digit of 16000261?
0
What is the thousands digit of 5977608?
7
What is the millions digit of 5596322?
5
What is the thousands digit of 119078?
9
What is the hundred thousands digit of 146139?
1
What is the hundreds digit of 1367704?
7
What is the hundred thousands digit of 922917?
9
What is the ten thousands digit of 1993302?
9
What is the ten thousands digit of 23009187?
0
What is the hundred thousands digit of 2586142?
5
What is the thousands digit of 1658572?
8
What is the units digit of 2484857?
7
What is the thousands digit of 1302713?
2
What is the hundreds digit of 473351?
3
What is the millions digit of 4438635?
4
What is the thousands digit of 248087?
8
What is the tens digit of 144577?
7
What is the hundreds digit of 1185082?
0
What is the thousands digit of 28152266?
2
What is the hundred thousands digit of 12149938?
1
What is the hundred thousands digit of 2534461?
5
What is the thousands digit of 256575?
6
What is the hundreds digit of 604141?
1
What is the hundreds digit of 13394376?
3
What is the hundreds digit of 117321?
3
What is the tens digit of 903058?
5
What is the ten thousands digit of 62713?
6
What is the tens digit of 1647040?
4
What is the units digit of 1145156?
6
What is the units digit of 3009467?
7
What is the units digit of 397451?
1
What is the hundreds digit of 494757?
7
What is the ten thousands digit of 239738?
3
What is the ten thousands digit of 11511248?
1
What is the tens digit of 470018?
1
What is the hundreds digit of 19078772?
7
What is the hundred thousands digit of 761972?
7
What is the millions digit of 1059029?
1
What is the units digit of 28110677?
7
What is the millions digit of 38041354?
8
What is the hundred thousands digit of 2517164?
5
What is the hundreds digit of 18282676?
6
What is the hundred thousands digit of 4207518?
2
What is the tens digit of 14891464?
6
What is the hundreds digit of 4201453?
4
What is the tens digit of 3100109?
0
What is the millions digit of 5214106?
5
What is the ten thousands digit of 182345?
8
What is the ten thousands digit of 685798?
8
What is the hundreds digit of 9375541?
5
What is the millions digit of 2226343?
2
What is the ten thousands digit of 133988?
3
What is the thousands digit of 477802?
7
What is the units digit of 166889?
9
What is the units digit of 80960?
0
What is the hundreds digit of 70724?
7
What is the units digit of 470567?
7
What is the hundreds digit of 1012529?
5
What is the hundreds digit of 165100?
1
What is the hundred thousands digit of 3050183?
0
What is the ten thousands digit of 10967920?
6
What is the units digit of 924908?
8
What is the hundred thousands digit of 235744?
2
What is the